{"id":677,"date":"2021-12-09T17:39:24","date_gmt":"2021-12-09T16:39:24","guid":{"rendered":"http:\/\/mercedesmaldonado.com\/?page_id=677"},"modified":"2021-12-09T18:11:47","modified_gmt":"2021-12-09T17:11:47","slug":"aviso-legal","status":"publish","type":"page","link":"https:\/\/mercedesmaldonado.com\/index.php\/aviso-legal\/","title":{"rendered":"Aviso Legal"},"content":{"rendered":"\t\t<div data-elementor-type=\"wp-page\" data-elementor-id=\"677\" class=\"elementor elementor-677\" data-elementor-settings=\"[]\">\n\t\t\t\t\t\t\t<div class=\"elementor-section-wrap\">\n\t\t\t\t\t\t\t<section class=\"elementor-section elementor-top-section elementor-element elementor-element-6ca07df elementor-section-boxed elementor-section-height-default elementor-section-height-default\" data-id=\"6ca07df\" data-element_type=\"section\">\n\t\t\t\t\t\t<div class=\"elementor-container elementor-column-gap-default\">\n\t\t\t\t\t<div class=\"elementor-column elementor-col-100 elementor-top-column elementor-element elementor-element-358d753\" data-id=\"358d753\" data-element_type=\"column\">\n\t\t\t<div class=\"elementor-widget-wrap elementor-element-populated\">\n\t\t\t\t\t\t\t\t<div class=\"elementor-element elementor-element-cc5cc70 elementor-widget elementor-widget-text-editor\" data-id=\"cc5cc70\" data-element_type=\"widget\" data-widget_type=\"text-editor.default\">\n\t\t\t\t<div class=\"elementor-widget-container\">\n\t\t\t<style>\/*! elementor - v3.5.0 - 12-12-2021 *\/\n.elementor-widget-text-editor.elementor-drop-cap-view-stacked .elementor-drop-cap{background-color:#818a91;color:#fff}.elementor-widget-text-editor.elementor-drop-cap-view-framed .elementor-drop-cap{color:#818a91;border:3px solid;background-color:transparent}.elementor-widget-text-editor:not(.elementor-drop-cap-view-default) .elementor-drop-cap{margin-top:8px}.elementor-widget-text-editor:not(.elementor-drop-cap-view-default) .elementor-drop-cap-letter{width:1em;height:1em}.elementor-widget-text-editor .elementor-drop-cap{float:left;text-align:center;line-height:1;font-size:50px}.elementor-widget-text-editor .elementor-drop-cap-letter{display:inline-block}<\/style>\t\t\t\t<h5><b>Identificaci\u00f3n<\/b>&nbsp;<br>En cumplimiento con el deber de informaci\u00f3n recogido en el art\u00edculo 10 de la Ley 34\/2002, de 11 de julio, de Servicios de la Sociedad de la Informaci\u00f3n y el Comercio Electr\u00f3nico, a continuaci\u00f3n, se reflejan los siguientes datos identificativos. Mercedes Maldonado L\u00f3pez de Carrizosa, en adelante Mercedes Maldonado, con NIF 31641501X,&nbsp;es titular del dominio www.mercedesmaldonado.com (en adelante, la p\u00e1gina Web), con domicilio a estos efectos en calle Zarza, 10 de Madrid con correo electr\u00f3nico de contacto: mmaldonado@mercedesmaldonado.com<\/h5><h5><b>Obligaciones del usuario<br><\/b>El acceso, navegaci\u00f3n y\/o utilizaci\u00f3n de este sito web supone la aceptaci\u00f3n del usuario de la presente informaci\u00f3n legal, la pol\u00edtica de privacidad y de cookies, as\u00ed como de las condiciones generales o particulares previstas para cualesquiera servicios y\/o contenidos disponibles a trav\u00e9s de este sitio web.&nbsp;<br>El usuario debe leer toda la informaci\u00f3n mencionada antes de utilizar este sitio web.<br>En caso de que el usuario no est\u00e9 de acuerdo con lo previsto en esta informaci\u00f3n legal, en la pol\u00edtica de privacidad y de cookies, o carezca de la edad o los requisitos legalmente previstos para celebrar contratos deber\u00e1 abstenerse de utilizar este sitio web.<br>El usuario se obliga a utilizar la web de manera responsable, observando la legalidad y conforme a la buena fe.&nbsp;<br>El usuario es responsable del correcto acceso y de la adecuada utilizaci\u00f3n de este sitio web, as\u00ed como del uso que haga con la informaci\u00f3n contenida en el mismo. Tambi\u00e9n ser\u00e1 responsable de la informaci\u00f3n y contenidos que pueda introducir y en consecuencia responder\u00e1 de los perjuicios que pueda causar a Mercedes Maldonado o a terceros.<br>Mercedes Maldonado no ser\u00e1 responsable del uso que terceros hagan de la informaci\u00f3n publicada que figure en el portal, ni tampoco de los da\u00f1os y\/o perjuicios derivados de forma directa o indirecta del uso de dicha informaci\u00f3n.<\/h5><h5><b>Contenidos y funcionamiento del sitio web<br><\/b>Los contenidos del sitio web son meramente informativos y no constituyen en ning\u00fan caso asesoramiento legal o profesional, ni propuesta comercial, o contractual.&nbsp;<br>Advertimos adem\u00e1s que algunas informaciones y\/o contenidos del sitio web podr\u00edan no estar actualizados en cuanto a reformas legales, o cambios jurisprudenciales que se hayan podido producir. Mercedes Maldonado no garantiza la actualizaci\u00f3n o ausencia de errores en los contenidos del sitio web.<br>Mercedes Maldonado no garantiza la continuidad en el acceso al sitio web y no responder\u00e1 por posibles interrupciones, o errores de funcionamiento de este sitio web.&nbsp;<br>Mercedes Maldonado no garantiza la ausencia de virus u otros componentes da\u00f1inos tanto en el sitio web, como en el servidor que lo suministra y no ser\u00e1 responsable de los posibles da\u00f1os que puedan causarse al sistema inform\u00e1tico del usuario (software y hardware), a ficheros, o a documentos almacenados en el mismo como consecuencia de la existencia de virus, o ciberataques.<br>Mercedes Maldonado no se hace responsable de los perjuicios derivados de incumplimientos legales, errores t\u00e9cnicos, o&nbsp;fallos de seguridad de sitios web de terceros desde los que se pueda acceder a la web de Mercedes Maldonado, ni de los de aquellos otros sitios web de terceros que pudieran estar vinculados, o enlazados desde la web de Mercedes Maldonado.<br>Mercedes Maldonado se reserva el derecho a realizar cambios en el sitio web sin previo aviso, a\u00f1adiendo, modificando, corrigiendo, o eliminando tanto los contenidos como la estructura y dise\u00f1o del sitio web.<\/h5><h5><b>Propiedad intelectual e industrial<br><\/b>Este sitio web y su contenido est\u00e1n protegidos por la legislaci\u00f3n espa\u00f1ola sobre propiedad intelectual e industrial.<br>Se entienden por contenidos y elementos de este sitio web, el software, bases de datos, scripts, im\u00e1genes, fotograf\u00edas, v\u00eddeos, audios, textos, marcas, logotipos, publicaciones, as\u00ed como cualquier otra obra comprendida dentro de los t\u00e9rminos del art\u00edculo 10 del Real Decreto Legislativo 1\/1996, de 12 de abril, por el que se aprueba el texto refundido de la Ley de Propiedad Intelectual y\/o regulada en la Ley 17\/2001, de 7 de diciembre, de Marcas y\/o en la Ley 24\/2015, de 24 de julio, de Patentes.<br>\u00danicamente se permite al usuario la visualizaci\u00f3n de los contenidos y elementos del sitio web. Queda prohibido reproducir, comunicar, transformar y\/o distribuir la totalidad o parte de los contenidos y\/o elementos de este sitio web sin la previa autorizaci\u00f3n de Mercedes Maldonado.<\/h5><h5><b>Comunicaciones y notificaci\u00f3n de incidencias<br><\/b>Para realizar comunicaciones y notificar incidencias o irregularidades derivadas del uso de la web pueden dirigirse al e-mail mmaldonado@mercedesmaldonado.com<\/h5><h5><b>Modificacion de las condiciones de uso<br><\/b>Mercedes Maldonado se reserva el derecho a modificar las presentes condiciones de uso en cualquier momento y sin previo aviso.<\/h5><h5><b>Ley aplicable<br><\/b>La ley aplicable en caso de disputa o conflicto de interpretaci\u00f3n de los t\u00e9rminos que conforman este aviso legal, as\u00ed como cualquier cuesti\u00f3n relacionada con los servicios del presente portal, ser\u00e1 la ley espa\u00f1ola, renunciando las partes al fuero que les pudiera corresponder y someti\u00e9ndose a los Juzgados y Tribunales de la ciudad de Madrid.<\/h5>\t\t\t\t\t\t<\/div>\n\t\t\t\t<\/div>\n\t\t\t\t\t<\/div>\n\t\t<\/div>\n\t\t\t\t\t\t\t<\/div>\n\t\t<\/section>\n\t\t\t\t\t\t<\/div>\n\t\t\t\t\t<\/div>\n\t\t","protected":false},"excerpt":{"rendered":"<p>Identificaci\u00f3n&nbsp; En cumplimiento con el deber de informaci\u00f3n recogido en el art\u00edculo 10 de la Ley 34\/2002, de 11 de julio, de Servicios de la Sociedad de la Informaci\u00f3n y el Comercio Electr\u00f3nico, a continuaci\u00f3n, se reflejan los siguientes datos identificativos. Mercedes Maldonado L\u00f3pez de Carrizosa, en adelante Mercedes Maldonado, con NIF 31641501X,&nbsp;es titular del &hellip; <\/p>\n<p class=\"link-more\"><a href=\"https:\/\/mercedesmaldonado.com\/index.php\/aviso-legal\/\" class=\"more-link\">Leer m\u00e1s<span class=\"screen-reader-text\"> \u00abAviso Legal\u00bb<\/span><\/a><\/p>\n","protected":false},"author":1,"featured_media":688,"parent":0,"menu_order":0,"comment_status":"closed","ping_status":"closed","template":"","meta":[],"yoast_head":"<!-- This site is optimized with the Yoast SEO plugin v17.7.1 - https:\/\/yoast.com\/wordpress\/plugins\/seo\/ -->\n<title>Aviso Legal - Derecho de Familia y Sucesiones y Derecho Matrimonial Can\u00f3nico<\/title>\n<meta name=\"robots\" content=\"index, follow, max-snippet:-1, max-image-preview:large, max-video-preview:-1\" \/>\n<link rel=\"canonical\" href=\"https:\/\/mercedesmaldonado.com\/index.php\/aviso-legal\/\" \/>\n<meta property=\"og:locale\" content=\"es_ES\" \/>\n<meta property=\"og:type\" content=\"article\" \/>\n<meta property=\"og:title\" content=\"Aviso Legal - Derecho de Familia y Sucesiones y Derecho Matrimonial Can\u00f3nico\" \/>\n<meta property=\"og:description\" content=\"Identificaci\u00f3n&nbsp; En cumplimiento con el deber de informaci\u00f3n recogido en el art\u00edculo 10 de la Ley 34\/2002, de 11 de julio, de Servicios de la Sociedad de la Informaci\u00f3n y el Comercio Electr\u00f3nico, a continuaci\u00f3n, se reflejan los siguientes datos identificativos. Mercedes Maldonado L\u00f3pez de Carrizosa, en adelante Mercedes Maldonado, con NIF 31641501X,&nbsp;es titular del &hellip; Leer m\u00e1s \u00abAviso Legal\u00bb\" \/>\n<meta property=\"og:url\" content=\"https:\/\/mercedesmaldonado.com\/index.php\/aviso-legal\/\" \/>\n<meta property=\"og:site_name\" content=\"Derecho de Familia y Sucesiones y Derecho Matrimonial Can\u00f3nico\" \/>\n<meta property=\"article:modified_time\" content=\"2021-12-09T17:11:47+00:00\" \/>\n<meta property=\"og:image\" content=\"https:\/\/mercedesmaldonado.com\/wp-content\/uploads\/2021\/12\/gris.gif\" \/>\n\t<meta property=\"og:image:width\" content=\"1500\" \/>\n\t<meta property=\"og:image:height\" content=\"600\" \/>\n<meta name=\"twitter:card\" content=\"summary_large_image\" \/>\n<meta name=\"twitter:label1\" content=\"Tiempo de lectura\" \/>\n\t<meta name=\"twitter:data1\" content=\"4 minutos\" \/>\n<script type=\"application\/ld+json\" class=\"yoast-schema-graph\">{\"@context\":\"https:\/\/schema.org\",\"@graph\":[{\"@type\":[\"Person\",\"Organization\"],\"@id\":\"https:\/\/mercedesmaldonado.com\/#\/schema\/person\/ef2096ce4790058a0c7b80701300a887\",\"name\":\"Mercedes Maldonado\",\"image\":{\"@type\":\"ImageObject\",\"@id\":\"https:\/\/mercedesmaldonado.com\/#personlogo\",\"inLanguage\":\"es\",\"url\":\"http:\/\/mercedesmaldonado.com\/wp-content\/uploads\/2021\/12\/cropped-MM.png\",\"contentUrl\":\"http:\/\/mercedesmaldonado.com\/wp-content\/uploads\/2021\/12\/cropped-MM.png\",\"width\":512,\"height\":512,\"caption\":\"Mercedes Maldonado\"},\"logo\":{\"@id\":\"https:\/\/mercedesmaldonado.com\/#personlogo\"},\"sameAs\":[\"http:\/\/mercedesmaldonado.com\"]},{\"@type\":\"WebSite\",\"@id\":\"https:\/\/mercedesmaldonado.com\/#website\",\"url\":\"https:\/\/mercedesmaldonado.com\/\",\"name\":\"Derecho de Familia y Sucesiones y Derecho Matrimonial Can\\u00f3nico\",\"description\":\"Mercedes Maldonado, Derecho de Familia\",\"publisher\":{\"@id\":\"https:\/\/mercedesmaldonado.com\/#\/schema\/person\/ef2096ce4790058a0c7b80701300a887\"},\"potentialAction\":[{\"@type\":\"SearchAction\",\"target\":{\"@type\":\"EntryPoint\",\"urlTemplate\":\"https:\/\/mercedesmaldonado.com\/?s={search_term_string}\"},\"query-input\":\"required name=search_term_string\"}],\"inLanguage\":\"es\"},{\"@type\":\"ImageObject\",\"@id\":\"https:\/\/mercedesmaldonado.com\/index.php\/aviso-legal\/#primaryimage\",\"inLanguage\":\"es\",\"url\":\"https:\/\/mercedesmaldonado.com\/wp-content\/uploads\/2021\/12\/gris.gif\",\"contentUrl\":\"https:\/\/mercedesmaldonado.com\/wp-content\/uploads\/2021\/12\/gris.gif\",\"width\":1500,\"height\":600},{\"@type\":\"WebPage\",\"@id\":\"https:\/\/mercedesmaldonado.com\/index.php\/aviso-legal\/#webpage\",\"url\":\"https:\/\/mercedesmaldonado.com\/index.php\/aviso-legal\/\",\"name\":\"Aviso Legal - Derecho de Familia y Sucesiones y Derecho Matrimonial Can\\u00f3nico\",\"isPartOf\":{\"@id\":\"https:\/\/mercedesmaldonado.com\/#website\"},\"primaryImageOfPage\":{\"@id\":\"https:\/\/mercedesmaldonado.com\/index.php\/aviso-legal\/#primaryimage\"},\"datePublished\":\"2021-12-09T16:39:24+00:00\",\"dateModified\":\"2021-12-09T17:11:47+00:00\",\"breadcrumb\":{\"@id\":\"https:\/\/mercedesmaldonado.com\/index.php\/aviso-legal\/#breadcrumb\"},\"inLanguage\":\"es\",\"potentialAction\":[{\"@type\":\"ReadAction\",\"target\":[\"https:\/\/mercedesmaldonado.com\/index.php\/aviso-legal\/\"]}]},{\"@type\":\"BreadcrumbList\",\"@id\":\"https:\/\/mercedesmaldonado.com\/index.php\/aviso-legal\/#breadcrumb\",\"itemListElement\":[{\"@type\":\"ListItem\",\"position\":1,\"name\":\"Portada\",\"item\":\"https:\/\/mercedesmaldonado.com\/\"},{\"@type\":\"ListItem\",\"position\":2,\"name\":\"Aviso Legal\"}]}]}<\/script>\n<!-- \/ Yoast SEO plugin. -->","yoast_head_json":{"title":"Aviso Legal - Derecho de Familia y Sucesiones y Derecho Matrimonial Can\u00f3nico","robots":{"index":"index","follow":"follow","max-snippet":"max-snippet:-1","max-image-preview":"max-image-preview:large","max-video-preview":"max-video-preview:-1"},"canonical":"https:\/\/mercedesmaldonado.com\/index.php\/aviso-legal\/","og_locale":"es_ES","og_type":"article","og_title":"Aviso Legal - Derecho de Familia y Sucesiones y Derecho Matrimonial Can\u00f3nico","og_description":"Identificaci\u00f3n&nbsp; En cumplimiento con el deber de informaci\u00f3n recogido en el art\u00edculo 10 de la Ley 34\/2002, de 11 de julio, de Servicios de la Sociedad de la Informaci\u00f3n y el Comercio Electr\u00f3nico, a continuaci\u00f3n, se reflejan los siguientes datos identificativos. Mercedes Maldonado L\u00f3pez de Carrizosa, en adelante Mercedes Maldonado, con NIF 31641501X,&nbsp;es titular del &hellip; Leer m\u00e1s \u00abAviso Legal\u00bb","og_url":"https:\/\/mercedesmaldonado.com\/index.php\/aviso-legal\/","og_site_name":"Derecho de Familia y Sucesiones y Derecho Matrimonial Can\u00f3nico","article_modified_time":"2021-12-09T17:11:47+00:00","og_image":[{"width":1500,"height":600,"url":"https:\/\/mercedesmaldonado.com\/wp-content\/uploads\/2021\/12\/gris.gif","type":"image\/gif"}],"twitter_card":"summary_large_image","twitter_misc":{"Tiempo de lectura":"4 minutos"},"schema":{"@context":"https:\/\/schema.org","@graph":[{"@type":["Person","Organization"],"@id":"https:\/\/mercedesmaldonado.com\/#\/schema\/person\/ef2096ce4790058a0c7b80701300a887","name":"Mercedes Maldonado","image":{"@type":"ImageObject","@id":"https:\/\/mercedesmaldonado.com\/#personlogo","inLanguage":"es","url":"http:\/\/mercedesmaldonado.com\/wp-content\/uploads\/2021\/12\/cropped-MM.png","contentUrl":"http:\/\/mercedesmaldonado.com\/wp-content\/uploads\/2021\/12\/cropped-MM.png","width":512,"height":512,"caption":"Mercedes Maldonado"},"logo":{"@id":"https:\/\/mercedesmaldonado.com\/#personlogo"},"sameAs":["http:\/\/mercedesmaldonado.com"]},{"@type":"WebSite","@id":"https:\/\/mercedesmaldonado.com\/#website","url":"https:\/\/mercedesmaldonado.com\/","name":"Derecho de Familia y Sucesiones y Derecho Matrimonial Can\u00f3nico","description":"Mercedes Maldonado, Derecho de Familia","publisher":{"@id":"https:\/\/mercedesmaldonado.com\/#\/schema\/person\/ef2096ce4790058a0c7b80701300a887"},"potentialAction":[{"@type":"SearchAction","target":{"@type":"EntryPoint","urlTemplate":"https:\/\/mercedesmaldonado.com\/?s={search_term_string}"},"query-input":"required name=search_term_string"}],"inLanguage":"es"},{"@type":"ImageObject","@id":"https:\/\/mercedesmaldonado.com\/index.php\/aviso-legal\/#primaryimage","inLanguage":"es","url":"https:\/\/mercedesmaldonado.com\/wp-content\/uploads\/2021\/12\/gris.gif","contentUrl":"https:\/\/mercedesmaldonado.com\/wp-content\/uploads\/2021\/12\/gris.gif","width":1500,"height":600},{"@type":"WebPage","@id":"https:\/\/mercedesmaldonado.com\/index.php\/aviso-legal\/#webpage","url":"https:\/\/mercedesmaldonado.com\/index.php\/aviso-legal\/","name":"Aviso Legal - Derecho de Familia y Sucesiones y Derecho Matrimonial Can\u00f3nico","isPartOf":{"@id":"https:\/\/mercedesmaldonado.com\/#website"},"primaryImageOfPage":{"@id":"https:\/\/mercedesmaldonado.com\/index.php\/aviso-legal\/#primaryimage"},"datePublished":"2021-12-09T16:39:24+00:00","dateModified":"2021-12-09T17:11:47+00:00","breadcrumb":{"@id":"https:\/\/mercedesmaldonado.com\/index.php\/aviso-legal\/#breadcrumb"},"inLanguage":"es","potentialAction":[{"@type":"ReadAction","target":["https:\/\/mercedesmaldonado.com\/index.php\/aviso-legal\/"]}]},{"@type":"BreadcrumbList","@id":"https:\/\/mercedesmaldonado.com\/index.php\/aviso-legal\/#breadcrumb","itemListElement":[{"@type":"ListItem","position":1,"name":"Portada","item":"https:\/\/mercedesmaldonado.com\/"},{"@type":"ListItem","position":2,"name":"Aviso Legal"}]}]}},"_links":{"self":[{"href":"https:\/\/mercedesmaldonado.com\/index.php\/wp-json\/wp\/v2\/pages\/677"}],"collection":[{"href":"https:\/\/mercedesmaldonado.com\/index.php\/wp-json\/wp\/v2\/pages"}],"about":[{"href":"https:\/\/mercedesmaldonado.com\/index.php\/wp-json\/wp\/v2\/types\/page"}],"author":[{"embeddable":true,"href":"https:\/\/mercedesmaldonado.com\/index.php\/wp-json\/wp\/v2\/users\/1"}],"replies":[{"embeddable":true,"href":"https:\/\/mercedesmaldonado.com\/index.php\/wp-json\/wp\/v2\/comments?post=677"}],"version-history":[{"count":9,"href":"https:\/\/mercedesmaldonado.com\/index.php\/wp-json\/wp\/v2\/pages\/677\/revisions"}],"predecessor-version":[{"id":720,"href":"https:\/\/mercedesmaldonado.com\/index.php\/wp-json\/wp\/v2\/pages\/677\/revisions\/720"}],"wp:featuredmedia":[{"embeddable":true,"href":"https:\/\/mercedesmaldonado.com\/index.php\/wp-json\/wp\/v2\/media\/688"}],"wp:attachment":[{"href":"https:\/\/mercedesmaldonado.com\/index.php\/wp-json\/wp\/v2\/media?parent=677"}],"curies":[{"name":"wp","href":"https:\/\/api.w.org\/{rel}","templated":true}]}}