{"id":536,"date":"2021-12-06T11:46:17","date_gmt":"2021-12-06T10:46:17","guid":{"rendered":"http:\/\/mercedesmaldonado.com\/?page_id=536"},"modified":"2021-12-21T12:59:07","modified_gmt":"2021-12-21T11:59:07","slug":"derecho-matrimonial-canonico","status":"publish","type":"page","link":"https:\/\/mercedesmaldonado.com\/index.php\/derecho-matrimonial-canonico\/","title":{"rendered":"Derecho Matrimonial Can\u00f3nico"},"content":{"rendered":"\t\t<div data-elementor-type=\"wp-page\" data-elementor-id=\"536\" class=\"elementor elementor-536\" data-elementor-settings=\"[]\">\n\t\t\t\t\t\t\t<div class=\"elementor-section-wrap\">\n\t\t\t\t\t\t\t<section class=\"elementor-section elementor-top-section elementor-element elementor-element-1173a4b elementor-section-boxed elementor-section-height-default elementor-section-height-default\" data-id=\"1173a4b\" data-element_type=\"section\">\n\t\t\t\t\t\t<div class=\"elementor-container elementor-column-gap-wide\">\n\t\t\t\t\t<div class=\"elementor-column elementor-col-66 elementor-top-column elementor-element elementor-element-39260e9\" data-id=\"39260e9\" data-element_type=\"column\">\n\t\t\t<div class=\"elementor-widget-wrap elementor-element-populated\">\n\t\t\t\t\t\t\t\t<div class=\"elementor-element elementor-element-b8f13d7 elementor-widget elementor-widget-text-editor\" data-id=\"b8f13d7\" data-element_type=\"widget\" data-widget_type=\"text-editor.default\">\n\t\t\t\t<div class=\"elementor-widget-container\">\n\t\t\t<style>\/*! elementor - v3.5.0 - 12-12-2021 *\/\n.elementor-widget-text-editor.elementor-drop-cap-view-stacked .elementor-drop-cap{background-color:#818a91;color:#fff}.elementor-widget-text-editor.elementor-drop-cap-view-framed .elementor-drop-cap{color:#818a91;border:3px solid;background-color:transparent}.elementor-widget-text-editor:not(.elementor-drop-cap-view-default) .elementor-drop-cap{margin-top:8px}.elementor-widget-text-editor:not(.elementor-drop-cap-view-default) .elementor-drop-cap-letter{width:1em;height:1em}.elementor-widget-text-editor .elementor-drop-cap{float:left;text-align:center;line-height:1;font-size:50px}.elementor-widget-text-editor .elementor-drop-cap-letter{display:inline-block}<\/style>\t\t\t\t<h6><em><strong>Estudio y direcci\u00f3n de los procesos de declaraci\u00f3n de nulidad de los matrimonios can\u00f3nicos ante los Tribunales Eclesi\u00e1sticos.<\/strong><\/em><\/h6><h6>Es una pretensi\u00f3n leg\u00edtima de aquellas personas que han contra\u00eddo matrimonio can\u00f3nicamente, el acudir a estos Tribunales de la Iglesia para que, despu\u00e9s de un proceso riguroso, puedan declarar que el matrimonio es nulo, si llegan a la certeza moral de que no contaba con los requisitos exigidos para su validez en el momento de su celebraci\u00f3n. \u00a0<\/h6><h6>No se trata de \u201canular\u201d un matrimonio v\u00e1lido, sino de declarar que \u00e9ste nunca ha existido. El procedimiento de declaraci\u00f3n de nulidad constata una realidad existente, ya que es un proceso de car\u00e1cter declarativo no constitutivo.<\/h6><h6>Partiendo de la protecci\u00f3n necesaria del matrimonio, los c\u00f3nyuges solicitan ante estos Tribunales que investiguen sobre la realidad de \u00e9ste, con la finalidad de que la \u00fanica declaraci\u00f3n posible, si consta o no la nulidad, refleje la verdad sustancial. En palabras del Papa Benedicto XVI, \u201cel proceso can\u00f3nico de nulidad del matrimonio constituye esencialmente un instrumento para certificar la verdad sobre el v\u00ednculo conyugal. Por consiguiente, su finalidad constitutiva no es ni mucho menos fomentar un esp\u00edritu contencioso, sino s\u00f3lo prestar un servicio a la verdad\u201d.<\/h6><h6>La declaraci\u00f3n de nulidad del matrimonio de los padres no afecta legalmente a los hijos, puesto que en nuestro derecho no existe diferencia entre los hijos desde la promulgaci\u00f3n de la Constituci\u00f3n, ni filiaciones diferentes desde la Ley 11\/1981 de 13 de mayo, de modificaci\u00f3n del C\u00f3digo Civil en materia de filiaci\u00f3n, patria potestad y r\u00e9gimen econ\u00f3mico del matrimonio.<\/h6>\t\t\t\t\t\t<\/div>\n\t\t\t\t<\/div>\n\t\t\t\t\t<\/div>\n\t\t<\/div>\n\t\t\t\t<div class=\"elementor-column elementor-col-33 elementor-top-column elementor-element elementor-element-21bde57\" data-id=\"21bde57\" data-element_type=\"column\">\n\t\t\t<div class=\"elementor-widget-wrap elementor-element-populated\">\n\t\t\t\t\t\t\t\t<div class=\"elementor-element elementor-element-8844b77 elementor-widget elementor-widget-text-editor\" data-id=\"8844b77\" data-element_type=\"widget\" data-widget_type=\"text-editor.default\">\n\t\t\t\t<div class=\"elementor-widget-container\">\n\t\t\t\t\t\t\t<h2>\u201cEl proceso can\u00f3nico de nulidad del matrimonio constituye esencialmente un instrumento para certificar la verdad sobre el v\u00ednculo conyugal\u201d.<\/h2>\n<h6>Papa Benedicto XVI.<\/h6><h6><br><\/h6>\t\t\t\t\t\t<\/div>\n\t\t\t\t<\/div>\n\t\t\t\t\t<\/div>\n\t\t<\/div>\n\t\t\t\t\t\t\t<\/div>\n\t\t<\/section>\n\t\t\t\t<section class=\"elementor-section elementor-top-section elementor-element elementor-element-36d03bf2 elementor-section-boxed elementor-section-height-default elementor-section-height-default\" data-id=\"36d03bf2\" data-element_type=\"section\">\n\t\t\t\t\t\t<div class=\"elementor-container elementor-column-gap-default\">\n\t\t\t\t\t\t\t\t<\/div>\n\t\t<\/section>\n\t\t\t\t\t\t<\/div>\n\t\t\t\t\t<\/div>\n\t\t","protected":false},"excerpt":{"rendered":"<p>Estudio y direcci\u00f3n de los procesos de declaraci\u00f3n de nulidad de los matrimonios can\u00f3nicos ante los Tribunales Eclesi\u00e1sticos. Es una pretensi\u00f3n leg\u00edtima de aquellas personas que han contra\u00eddo matrimonio can\u00f3nicamente, el acudir a estos Tribunales de la Iglesia para que, despu\u00e9s de un proceso riguroso, puedan declarar que el matrimonio es nulo, si llegan a &hellip; <\/p>\n<p class=\"link-more\"><a href=\"https:\/\/mercedesmaldonado.com\/index.php\/derecho-matrimonial-canonico\/\" class=\"more-link\">Leer m\u00e1s<span class=\"screen-reader-text\"> \u00abDerecho Matrimonial Can\u00f3nico\u00bb<\/span><\/a><\/p>\n","protected":false},"author":1,"featured_media":843,"parent":0,"menu_order":0,"comment_status":"closed","ping_status":"closed","template":"","meta":[],"yoast_head":"<!-- This site is optimized with the Yoast SEO plugin v17.7.1 - https:\/\/yoast.com\/wordpress\/plugins\/seo\/ -->\n<title>Derecho Matrimonial Can\u00f3nico - Derecho de Familia y Sucesiones y Derecho Matrimonial Can\u00f3nico<\/title>\n<meta name=\"robots\" content=\"index, follow, max-snippet:-1, max-image-preview:large, max-video-preview:-1\" \/>\n<link rel=\"canonical\" href=\"https:\/\/mercedesmaldonado.com\/index.php\/derecho-matrimonial-canonico\/\" \/>\n<meta property=\"og:locale\" content=\"es_ES\" \/>\n<meta property=\"og:type\" content=\"article\" \/>\n<meta property=\"og:title\" content=\"Derecho Matrimonial Can\u00f3nico - Derecho de Familia y Sucesiones y Derecho Matrimonial Can\u00f3nico\" \/>\n<meta property=\"og:description\" content=\"Estudio y direcci\u00f3n de los procesos de declaraci\u00f3n de nulidad de los matrimonios can\u00f3nicos ante los Tribunales Eclesi\u00e1sticos. Es una pretensi\u00f3n leg\u00edtima de aquellas personas que han contra\u00eddo matrimonio can\u00f3nicamente, el acudir a estos Tribunales de la Iglesia para que, despu\u00e9s de un proceso riguroso, puedan declarar que el matrimonio es nulo, si llegan a &hellip; Leer m\u00e1s \u00abDerecho Matrimonial Can\u00f3nico\u00bb\" \/>\n<meta property=\"og:url\" content=\"https:\/\/mercedesmaldonado.com\/index.php\/derecho-matrimonial-canonico\/\" \/>\n<meta property=\"og:site_name\" content=\"Derecho de Familia y Sucesiones y Derecho Matrimonial Can\u00f3nico\" \/>\n<meta property=\"article:modified_time\" content=\"2021-12-21T11:59:07+00:00\" \/>\n<meta property=\"og:image\" content=\"https:\/\/mercedesmaldonado.com\/wp-content\/uploads\/2021\/12\/iglesia-almudena.jpg\" \/>\n\t<meta property=\"og:image:width\" content=\"1500\" \/>\n\t<meta property=\"og:image:height\" content=\"1000\" \/>\n<meta name=\"twitter:card\" content=\"summary_large_image\" \/>\n<meta name=\"twitter:label1\" content=\"Tiempo de lectura\" \/>\n\t<meta name=\"twitter:data1\" content=\"2 minutos\" \/>\n<script type=\"application\/ld+json\" class=\"yoast-schema-graph\">{\"@context\":\"https:\/\/schema.org\",\"@graph\":[{\"@type\":[\"Person\",\"Organization\"],\"@id\":\"https:\/\/mercedesmaldonado.com\/#\/schema\/person\/ef2096ce4790058a0c7b80701300a887\",\"name\":\"Mercedes Maldonado\",\"image\":{\"@type\":\"ImageObject\",\"@id\":\"https:\/\/mercedesmaldonado.com\/#personlogo\",\"inLanguage\":\"es\",\"url\":\"http:\/\/mercedesmaldonado.com\/wp-content\/uploads\/2021\/12\/cropped-MM.png\",\"contentUrl\":\"http:\/\/mercedesmaldonado.com\/wp-content\/uploads\/2021\/12\/cropped-MM.png\",\"width\":512,\"height\":512,\"caption\":\"Mercedes Maldonado\"},\"logo\":{\"@id\":\"https:\/\/mercedesmaldonado.com\/#personlogo\"},\"sameAs\":[\"http:\/\/mercedesmaldonado.com\"]},{\"@type\":\"WebSite\",\"@id\":\"https:\/\/mercedesmaldonado.com\/#website\",\"url\":\"https:\/\/mercedesmaldonado.com\/\",\"name\":\"Derecho de Familia y Sucesiones y Derecho Matrimonial Can\\u00f3nico\",\"description\":\"Mercedes Maldonado, Derecho de Familia\",\"publisher\":{\"@id\":\"https:\/\/mercedesmaldonado.com\/#\/schema\/person\/ef2096ce4790058a0c7b80701300a887\"},\"potentialAction\":[{\"@type\":\"SearchAction\",\"target\":{\"@type\":\"EntryPoint\",\"urlTemplate\":\"https:\/\/mercedesmaldonado.com\/?s={search_term_string}\"},\"query-input\":\"required name=search_term_string\"}],\"inLanguage\":\"es\"},{\"@type\":\"ImageObject\",\"@id\":\"https:\/\/mercedesmaldonado.com\/index.php\/derecho-matrimonial-canonico\/#primaryimage\",\"inLanguage\":\"es\",\"url\":\"https:\/\/mercedesmaldonado.com\/wp-content\/uploads\/2021\/12\/iglesia-almudena.jpg\",\"contentUrl\":\"https:\/\/mercedesmaldonado.com\/wp-content\/uploads\/2021\/12\/iglesia-almudena.jpg\",\"width\":1500,\"height\":1000},{\"@type\":\"WebPage\",\"@id\":\"https:\/\/mercedesmaldonado.com\/index.php\/derecho-matrimonial-canonico\/#webpage\",\"url\":\"https:\/\/mercedesmaldonado.com\/index.php\/derecho-matrimonial-canonico\/\",\"name\":\"Derecho Matrimonial Can\\u00f3nico - Derecho de Familia y Sucesiones y Derecho Matrimonial Can\\u00f3nico\",\"isPartOf\":{\"@id\":\"https:\/\/mercedesmaldonado.com\/#website\"},\"primaryImageOfPage\":{\"@id\":\"https:\/\/mercedesmaldonado.com\/index.php\/derecho-matrimonial-canonico\/#primaryimage\"},\"datePublished\":\"2021-12-06T10:46:17+00:00\",\"dateModified\":\"2021-12-21T11:59:07+00:00\",\"breadcrumb\":{\"@id\":\"https:\/\/mercedesmaldonado.com\/index.php\/derecho-matrimonial-canonico\/#breadcrumb\"},\"inLanguage\":\"es\",\"potentialAction\":[{\"@type\":\"ReadAction\",\"target\":[\"https:\/\/mercedesmaldonado.com\/index.php\/derecho-matrimonial-canonico\/\"]}]},{\"@type\":\"BreadcrumbList\",\"@id\":\"https:\/\/mercedesmaldonado.com\/index.php\/derecho-matrimonial-canonico\/#breadcrumb\",\"itemListElement\":[{\"@type\":\"ListItem\",\"position\":1,\"name\":\"Portada\",\"item\":\"https:\/\/mercedesmaldonado.com\/\"},{\"@type\":\"ListItem\",\"position\":2,\"name\":\"Derecho Matrimonial Can\\u00f3nico\"}]}]}<\/script>\n<!-- \/ Yoast SEO plugin. -->","yoast_head_json":{"title":"Derecho Matrimonial Can\u00f3nico - Derecho de Familia y Sucesiones y Derecho Matrimonial Can\u00f3nico","robots":{"index":"index","follow":"follow","max-snippet":"max-snippet:-1","max-image-preview":"max-image-preview:large","max-video-preview":"max-video-preview:-1"},"canonical":"https:\/\/mercedesmaldonado.com\/index.php\/derecho-matrimonial-canonico\/","og_locale":"es_ES","og_type":"article","og_title":"Derecho Matrimonial Can\u00f3nico - Derecho de Familia y Sucesiones y Derecho Matrimonial Can\u00f3nico","og_description":"Estudio y direcci\u00f3n de los procesos de declaraci\u00f3n de nulidad de los matrimonios can\u00f3nicos ante los Tribunales Eclesi\u00e1sticos. Es una pretensi\u00f3n leg\u00edtima de aquellas personas que han contra\u00eddo matrimonio can\u00f3nicamente, el acudir a estos Tribunales de la Iglesia para que, despu\u00e9s de un proceso riguroso, puedan declarar que el matrimonio es nulo, si llegan a &hellip; Leer m\u00e1s \u00abDerecho Matrimonial Can\u00f3nico\u00bb","og_url":"https:\/\/mercedesmaldonado.com\/index.php\/derecho-matrimonial-canonico\/","og_site_name":"Derecho de Familia y Sucesiones y Derecho Matrimonial Can\u00f3nico","article_modified_time":"2021-12-21T11:59:07+00:00","og_image":[{"width":1500,"height":1000,"url":"https:\/\/mercedesmaldonado.com\/wp-content\/uploads\/2021\/12\/iglesia-almudena.jpg","type":"image\/jpeg"}],"twitter_card":"summary_large_image","twitter_misc":{"Tiempo de lectura":"2 minutos"},"schema":{"@context":"https:\/\/schema.org","@graph":[{"@type":["Person","Organization"],"@id":"https:\/\/mercedesmaldonado.com\/#\/schema\/person\/ef2096ce4790058a0c7b80701300a887","name":"Mercedes Maldonado","image":{"@type":"ImageObject","@id":"https:\/\/mercedesmaldonado.com\/#personlogo","inLanguage":"es","url":"http:\/\/mercedesmaldonado.com\/wp-content\/uploads\/2021\/12\/cropped-MM.png","contentUrl":"http:\/\/mercedesmaldonado.com\/wp-content\/uploads\/2021\/12\/cropped-MM.png","width":512,"height":512,"caption":"Mercedes Maldonado"},"logo":{"@id":"https:\/\/mercedesmaldonado.com\/#personlogo"},"sameAs":["http:\/\/mercedesmaldonado.com"]},{"@type":"WebSite","@id":"https:\/\/mercedesmaldonado.com\/#website","url":"https:\/\/mercedesmaldonado.com\/","name":"Derecho de Familia y Sucesiones y Derecho Matrimonial Can\u00f3nico","description":"Mercedes Maldonado, Derecho de Familia","publisher":{"@id":"https:\/\/mercedesmaldonado.com\/#\/schema\/person\/ef2096ce4790058a0c7b80701300a887"},"potentialAction":[{"@type":"SearchAction","target":{"@type":"EntryPoint","urlTemplate":"https:\/\/mercedesmaldonado.com\/?s={search_term_string}"},"query-input":"required name=search_term_string"}],"inLanguage":"es"},{"@type":"ImageObject","@id":"https:\/\/mercedesmaldonado.com\/index.php\/derecho-matrimonial-canonico\/#primaryimage","inLanguage":"es","url":"https:\/\/mercedesmaldonado.com\/wp-content\/uploads\/2021\/12\/iglesia-almudena.jpg","contentUrl":"https:\/\/mercedesmaldonado.com\/wp-content\/uploads\/2021\/12\/iglesia-almudena.jpg","width":1500,"height":1000},{"@type":"WebPage","@id":"https:\/\/mercedesmaldonado.com\/index.php\/derecho-matrimonial-canonico\/#webpage","url":"https:\/\/mercedesmaldonado.com\/index.php\/derecho-matrimonial-canonico\/","name":"Derecho Matrimonial Can\u00f3nico - Derecho de Familia y Sucesiones y Derecho Matrimonial Can\u00f3nico","isPartOf":{"@id":"https:\/\/mercedesmaldonado.com\/#website"},"primaryImageOfPage":{"@id":"https:\/\/mercedesmaldonado.com\/index.php\/derecho-matrimonial-canonico\/#primaryimage"},"datePublished":"2021-12-06T10:46:17+00:00","dateModified":"2021-12-21T11:59:07+00:00","breadcrumb":{"@id":"https:\/\/mercedesmaldonado.com\/index.php\/derecho-matrimonial-canonico\/#breadcrumb"},"inLanguage":"es","potentialAction":[{"@type":"ReadAction","target":["https:\/\/mercedesmaldonado.com\/index.php\/derecho-matrimonial-canonico\/"]}]},{"@type":"BreadcrumbList","@id":"https:\/\/mercedesmaldonado.com\/index.php\/derecho-matrimonial-canonico\/#breadcrumb","itemListElement":[{"@type":"ListItem","position":1,"name":"Portada","item":"https:\/\/mercedesmaldonado.com\/"},{"@type":"ListItem","position":2,"name":"Derecho Matrimonial Can\u00f3nico"}]}]}},"_links":{"self":[{"href":"https:\/\/mercedesmaldonado.com\/index.php\/wp-json\/wp\/v2\/pages\/536"}],"collection":[{"href":"https:\/\/mercedesmaldonado.com\/index.php\/wp-json\/wp\/v2\/pages"}],"about":[{"href":"https:\/\/mercedesmaldonado.com\/index.php\/wp-json\/wp\/v2\/types\/page"}],"author":[{"embeddable":true,"href":"https:\/\/mercedesmaldonado.com\/index.php\/wp-json\/wp\/v2\/users\/1"}],"replies":[{"embeddable":true,"href":"https:\/\/mercedesmaldonado.com\/index.php\/wp-json\/wp\/v2\/comments?post=536"}],"version-history":[{"count":88,"href":"https:\/\/mercedesmaldonado.com\/index.php\/wp-json\/wp\/v2\/pages\/536\/revisions"}],"predecessor-version":[{"id":840,"href":"https:\/\/mercedesmaldonado.com\/index.php\/wp-json\/wp\/v2\/pages\/536\/revisions\/840"}],"wp:featuredmedia":[{"embeddable":true,"href":"https:\/\/mercedesmaldonado.com\/index.php\/wp-json\/wp\/v2\/media\/843"}],"wp:attachment":[{"href":"https:\/\/mercedesmaldonado.com\/index.php\/wp-json\/wp\/v2\/media?parent=536"}],"curies":[{"name":"wp","href":"https:\/\/api.w.org\/{rel}","templated":true}]}}